.
14
Let b(g) = 4*g - 5. Let c(m) = -m**2 + 10*m - 12. Let d(r) = -r**3 - 4*r**2 - r + 4. Let l be d(-4). Let k be c(l). Give b(k).
11
Let g(p) = -5*p**3 + p**2 + 2*p + 1. Let j(v) = -8*v - 1. Let u be j(-2). Suppose 2*i + 10 = 0, 3*o + 2*o - 4*i - u = 0. Determine g(o).
5
Let o be ((-9)/(-3))/3*-1. Let j(h) = 6*h**2 - 10*h + 3*h - 2*h**2 + 8*h. What is j(o)?
3
Let j(g) = -g**2 - g + 3. Suppose 0 = 4*d - 2*b - 2, 3*b + 11 - 32 = -2*d. Suppose -d = 22*h - 21*h. Give j(h).
-3
Let d(z) = -z**3 + 10*z**2 - 3*z + 19. Suppose -103 = -5*g - 53. Determine d(g).
-11
Let s(o) = o**2 + 8*o + 2. Let z = 5 + -4. Let j = 402 - 405. Let f be (1/j)/(z/15). Calculate s(f).
-13
Suppose 4*h + b + 15 = 0, -21 = 3*h + 2*b + 2*b. Let x be -1 - -4 - (h + 0). Let c(k) = -k**3 + 5*k**2 + 8*k - 3. What is c(x)?
9
Let b(s) = -s. Let x(t) = -5*t. Let a(r) = 34*b(r) - 6*x(r). What is a(4)?
-16
Let i(t) = -t - 1. Let b = -225 + 229. Give i(b).
-5
Let f(q) = -q + 1. Let l(a) = -a + 2. Let p(z) = -3*f(z) + 2*l(z). Let v(n) = 2*n + 12. Let h(g) = p(g) - v(g). Calculate h(-10).
-1
Let u(j) be the first derivative of -j**2 + j + 320. Calculate u(-3).
7
Let w(b) = 5*b - 6*b + 14 + 16 - 36. Let n(d) = -2*d + 13. Let x be n(9). Determine w(x).
-1
Let u(z) = 7*z**2 - z. Let w(c) = -c**3 - 4*c**2 + 1. Let v be w(-4). Let j be u(v). Let g(p) = -p**2 + 6*p + 2. Give g(j).
2
Let t(h) = 15*h**2 + 2*h - 1. Let r(b) = -b**2 + 8*b - 7. Let y be r(6). Let i = -123 + 124. Let g be (i - -1)*y/10. Give t(g).
16
Let x(i) = i**3 - 3*i**2 - i - 3. Let v be x(3). Let k(u) be the third derivative of -u**4/24 - 5*u**3/3 + 22*u**2. What is k(v)?
-4
Let k(v) be the second derivative of v**5/20 - 5*v**4/12 + 5*v**3/6 - 5*v**2/2 + v + 4. Calculate k(3).
-8
Let l(c) = -c**3 + 5*c**2 + 6. Let m = 294 + -179. Let a = -110 + m. Give l(a).
6
Let i = -711 - -712. Let l(g) = 13*g**2 + g - 1. Determine l(i).
13
Let f(w) be the first derivative of -w**3/3 + w**2/2 - 4*w - 2. Suppose -9 - 16 = -5*x. Let o be (-1 + 1)*(-6 + x). Give f(o).
-4
Suppose 8*s = 366 - 318. Let f(t) be the first derivative of -t + s + 4/3*t**3 + 0*t**2. Calculate f(1).
3
Suppose 0*q + 4*q + 0*q = 0. Let x(z) = z + 12. Calculate x(q).
12
Let r = 268 - 263. Let g(o) = o**2 - 4*o + 3. Determine g(r).
8
Suppose 549*w = 542*w - 105. Let o(c) = 2*c + 39. Calculate o(w).
9
Let l(c) = -1 + c**3 - 4*c - 1 + 0*c - c**2 + 1. Let o(r) = r - 3. Let m be o(6). Let t = 0 + m. Give l(t).
5
Let q(b) = -b**2 - 12*b + 8. Let c be q(-11). Let t = 6 + -2. Suppose -5*l + h + h + 23 = 0, t*h = -3*l + c. Let y(n) = -n**3 + 5*n**2 + n - 2. Give y(l).
3
Suppose 9 = 39*g - 42*g. Let f(j) = -5*j - 9. Determine f(g).
6
Let k(i) be the third derivative of i**4/24 - 5*i**3/6 + 3*i**2 + 11. Calculate k(5).
0
Let w(y) = y + 24 + 10 - 29. Determine w(-9).
-4
Let j(v) = v**3 + 2*v**2 + v - 5. Let p(f) = -f**2 + 1. Let y(b) = -j(b) - 6*p(b). Let g(k) = 4*k**2 - 11*k - 1. Let a be g(3). Determine y(a).
5
Let h(n) = 5*n + 1. Let z(q) = -q. Let m(u) = h(u) + 4*z(u). Determine m(5).
6
Let v(o) = 3*o + 7. Let u(g) = -g - 2. Let b(z) = 7*u(z) + 2*v(z). Let c = -1 + -4. Let h = 5 + c. Determine b(h).
0
Let c(r) be the first derivative of 1/3*r**3 + 1/2*r**2 - 8*r - 19. Calculate c(0).
-8
Let x(f) be the third derivative of 1/24*f**4 + 0 + 23*f**2 + 0*f - 11/6*f**3. Give x(0).
-11
Let m(r) = -102*r**2 + 104*r**2 + 1 + 4*r - 5*r. Calculate m(-3).
22
Suppose 1024 = 4*m - 8*m. Let p be m/(-40) + (-3)/(-5). Let v(i) = -6*i + p*i**2 + 5*i + 4 + i**3 - 2*i**3 - 7*i. What is v(6)?
-8
Let x(j) = j**2 - 6*j - 1. Let s(y) = 3*y - 1. Suppose -d = 2*u - 0*d - 5, -4*d = -2*u. Let g be s(u). What is x(g)?
-6
Let o(h) = h**3 + 5*h**2 - 5*h. Suppose 3*a + a - 136 = 0. Let s = a - 21. Suppose x - 19 = 4*f - 0*x, -3*f = -x + s. Determine o(f).
-6
Let q(y) = y + 3. Suppose 2*k - 33 = -27. What is q(k)?
6
Let t(k) = 3*k - 4. Let z(x) = 3*x**2 - 4*x - 4. Let w be z(3). Let a = w + -2. Suppose 3*o - a + 0 = 0. Determine t(o).
5
Suppose 20 = -4*s - 2*k, -5*s + 5*k - 3*k - 7 = 0. Let r be 3/(-1 - 10/(-4)). Let t(h) = 228*h**2 - h + 2 + 3*h - 227*h**r. What is t(s)?
5
Let k = 1793 - 1802. Let x(y) = -y**2 - 10*y - 7. Calculate x(k).
2
Let a(k) = 2*k - 18. Let b be (-3)/9*(-2 + -4)*4. Determine a(b).
-2
Suppose -46 - 14 = -3*i. Suppose 4*w - i = -2*v, -4*v + w + 16 = 3. Suppose 0 = -2*k + 8, 0 = 5*q + k + v*k - 35. Let p(d) = 3*d - 3. What is p(q)?
6
Let o(m) be the third derivative of -m**7/560 + m**5/6 - 13*m**2. Let d(t) be the third derivative of o(t). What is d(1)?
-9
Let g = 225 + -116. Suppose -116 - g = -5*a. Let c be 117/a - (-3)/(-5). Let v(k) = k**3 - 3*k**2 - 2*k + 1. Give v(c).
-7
Let a(q) = -1 - 7*q + 2 + 9*q + 4. Let o(h) be the third derivative of -h**4/24 - h**3/3 - h**2. Let l(z) = -6*a(z) - 13*o(z). Calculate l(6).
2
Suppose z = -4*c + 25, -2*c + 3*z = 2*c - 21. Let u(p) = p - 95*p**2 + 46*p**2 + 3*p + 48*p**2. Give u(c).
-12
Let x(q) be the second derivative of -q**4/12 + 5*q**3/6 - 3*q**2/2 + 45*q - 3. Let g = 10 - 7. Calculate x(g).
3
Let a = 44 + -48. Let z be 36/(-5) - (42/(-10) - a). Let d(v) be the third derivative of v**5/60 + 3*v**4/8 + 4*v**3/3 - v**2. Calculate d(z).
-6
Let i(r) = -r**2 + 5*r - 9. Let o(k) = -k - 1. Let x(s) = -i(s) + 2*o(s). Let t = 108 - 98. Suppose 0 = 4*n + 5*v - 2*v - 5, 0 = -3*n - 5*v - t. Calculate x(n).
-3
Let f(g) = g**3 + 2*g**2 - 3*g - 3. Let l be -3 + 107/3 + 6/(-9). Suppose 0*h + 106 = 3*h + w, -3*h + 118 = 4*w. Let j = l - h. Give f(j).
3
Let g(p) = -6*p**3 + 23*p**2 + 10*p - 12. Let s(i) = 5*i**3 - 23*i**2 - 8*i + 13. Let l(u) = -4*g(u) - 5*s(u). Calculate l(23).
-17
Let n(u) be the third derivative of u**5/60 + u**3/6 - 10*u**2. Calculate n(-1).
2
Let g(q) = -q - 7. Let n(k) be the third derivative of -k**4/24 - 4*k**3/3 - k**2. Let u(p) = 5*g(p) - 4*n(p). Let f(w) = 2*w + 3. Let s be f(-3). What is u(s)?
0
Suppose 0 = -2*s - 379 + 391. Let b(x) = 4*x + 5. Calculate b(s).
29
Let s = 1704 - 1697. Let v(f) be the second derivative of -1/12*f**4 + 0 - s*f + 5/3*f**3 - 9/2*f**2. Calculate v(9).
0
Let o(h) = -h**2 - 5*h. Let k(x) = -x + 1. Let r(w) = -3*k(w) + o(w). What is r(-5)?
-18
Let u(p) = -p**3 + 8*p**2 - 5*p. Let g = 69 + -62. What is u(g)?
14
Let i(o) = 23*o**2 - o**3 - 3 + 24*o - 3 + 4. What is i(24)?
-2
Let n(q) = q - 8. Let r be n(4). Let i be ((-16)/6)/(r/54). Suppose 4*l = -4*p - 0*p - i, 0 = -p - 4. Let u(j) = j + 6. Determine u(l).
1
Let d(b) = 14*b**3 + 34*b**2 - 3*b + 21. Let f(l) = 5*l**3 + 12*l**2 - l + 7. Let v(m) = 4*d(m) - 11*f(m). Give v(-5).
-13
Let h(s) = -s**2 + 7*s - 9. Let m be h(3). Suppose 0 = -3*r - m*t + 5*t + 20, -t - 1 = 0. Let v(l) = -2*l - 4. What is v(r)?
-16
Let d be (-2 - 9/(-2))*2. Let h(g) = -2 - 3*g**2 + 4*g**3 - 5*g**3 + 5*g - 1 + d*g**2. Give h(3).
3
Suppose -2*y = 4*m - 18, y - 4*y + 4*m + 7 = 0. Let w(a) = a**2 - 4*a. Let i be w(y). Let k(q) = -q**3 + 6*q**2 - 2*q - 4. Calculate k(i).
11
Let c be ((-87)/(-261))/((-1)/3). Let g(p) = -13*p**3 + 2*p + 1. Calculate g(c).
12
Let g(n) = -4*n - 5. Let z = -75 + 73. What is g(z)?
3
Let g(w) be the first derivative of 35*w**2/2 - 187. Calculate g(1).
35
Let z(c) = c**2 - 3*c + 3. Let d(f) = 1. Let a(u) = 4*d(u) - z(u). What is a(3)?
1
Let s(w) = -w + 3*w**2 - 9*w + 3*w - 17*w**2 - 6. Let x be s(-1). Let n(q) = -q**3 - 12*q**2 + 14*q + 15. Give n(x).
2
Let y(z) = -z**3 - z**2 + 2*z + 2. Let k(u) = 2*u + 32. Let f be k(-14). Suppose 3*g = 2*t + 7, -5*t - 8 = f*g - 2. What is y(t)?
2
Suppose -18*z = -132 + 456. Let f = 32 - 16. Let t = z + f. Let x(c) = 2*c**2 + 2*c + 2. Determine x(t).
6
Let r be (-1 - -3)*10/4. Suppose -r*y + 18 = -14*y. Let v(o) = o + 1. Calculate v(y).
-1
Let o(x) be the third derivative of x**6/120 + 7*x**5/60 + 7*x**4/24 + x**3/6 + 2*x**2 - 7*x. Let u = 10 + -15. Determine o(u).
16
Suppose 0 = 5*p - 5, -4*g + 0*g - 3*p - 1 = 0. Let o = -10 + 11. Let i(a) = 2*a - 12*a + 0*a + 11*a - o. What is i(g)?
-2
Let t be (12/10)/(8/40). Let f be (-2 + t - 4) + -3. Let u(p) = p**3 + p**2 - 4*p. Determine u(f).
-6
Let n be (-1 - -9) + 0 - 6. Let r(o) = -2*o**2 - o + 2. Calculate r(n).
-8
Let z be (-62)/12 + (-18)/(-108). Let c(q) = q**2 + 2*q + 6. What is c(z)?
21
Let o(a) = 0*a**2 - 3*a + 5*a**2 + 2*a. Let s = -48 + 21. Let w be (-32)/36 + 3/s. Calcu